 the prime factors of 88.
2, 11
List the prime factors of 7725.
3, 5, 103
List the prime factors of 996.
2, 3, 83
List the prime factors of 2085.
3, 5, 139
List the prime factors of 18770.
2, 5, 1877
What are the prime factors of 1219?
23, 53
What are the prime factors of 353?
353
List the prime factors of 11607.
3, 53, 73
List the prime factors of 68968.
2, 37, 233
List the prime factors of 724.
2, 181
What are the prime factors of 55535?
5, 29, 383
What are the prime factors of 4473?
3, 7, 71
List the prime factors of 2689.
2689
List the prime factors of 77408.
2, 41, 59
List the prime factors of 65496.
2, 3, 2729
What are the prime factors of 119?
7, 17
List the prime factors of 11329.
11329
List the prime factors of 11105.
5, 2221
What are the prime factors of 69404?
2, 17351
List the prime factors of 5909.
19, 311
What are the prime factors of 107347?
107347
List the prime factors of 1124.
2, 281
List the prime factors of 323.
17, 19
What are the prime factors of 17220?
2, 3, 5, 7, 41
List the prime factors of 17468.
2, 11, 397
List the prime factors of 8527.
8527
What are the prime factors of 111817?
31, 3607
List the prime factors of 227.
227
List the prime factors of 14275.
5, 571
What are the prime factors of 19521?
3, 241
What are the prime factors of 4253?
4253
What are the prime factors of 2520?
2, 3, 5, 7
List the prime factors of 28098.
2, 3, 7, 223
What are the prime factors of 373?
373
List the prime factors of 1232.
2, 7, 11
What are the prime factors of 10685?
5, 2137
What are the prime factors of 23992?
2, 2999
List the prime factors of 862.
2, 431
List the prime factors of 2839.
17, 167
List the prime factors of 25605.
3, 5, 569
What are the prime factors of 1734?
2, 3, 17
What are the prime factors of 3036?
2, 3, 11, 23
List the prime factors of 4297.
4297
List the prime factors of 1290.
2, 3, 5, 43
What are the prime factors of 3807?
3, 47
List the prime factors of 1678.
2, 839
List the prime factors of 1472.
2, 23
List the prime factors of 1178.
2, 19, 31
List the prime factors of 180.
2, 3, 5
List the prime factors of 542.
2, 271
What are the prime factors of 12158?
2, 6079
List the prime factors of 3682.
2, 7, 263
List the prime factors of 5765.
5, 1153
List the prime factors of 202.
2, 101
What are the prime factors of 19377?
3, 2153
What are the prime factors of 13561?
71, 191
What are the prime factors of 57014?
2, 29, 983
List the prime factors of 609.
3, 7, 29
What are the prime factors of 42349?
42349
List the prime factors of 18750.
2, 3, 5
What are the prime factors of 3926?
2, 13, 151
List the prime factors of 329.
7, 47
What are the prime factors of 20119?
11, 31, 59
What are the prime factors of 3672?
2, 3, 17
What are the prime factors of 396?
2, 3, 11
List the prime factors of 49169.
49169
List the prime factors of 352.
2, 11
What are the prime factors of 14650?
2, 5, 293
List the prime factors of 15624.
2, 3, 7, 31
What are the prime factors of 117654?
2, 3, 19609
What are the prime factors of 4047?
3, 19, 71
List the prime factors of 2123.
11, 193
What are the prime factors of 21341?
21341
What are the prime factors of 632?
2, 79
What are the prime factors of 4626?
2, 3, 257
List the prime factors of 43127.
7, 61, 101
List the prime factors of 4833.
3, 179
What are the prime factors of 1081?
23, 47
List the prime factors of 6128.
2, 383
List the prime factors of 76310.
2, 5, 13, 587
List the prime factors of 2146.
2, 29, 37
List the prime factors of 20183.
20183
List the prime factors of 714.
2, 3, 7, 17
What are the prime factors of 597?
3, 199
List the prime factors of 380.
2, 5, 19
What are the prime factors of 131279?
43, 71
List the prime factors of 3673.
3673
What are the prime factors of 18?
2, 3
List the prime factors of 90226.
2, 197, 229
List the prime factors of 108508.
2, 27127
List the prime factors of 37244.
2, 9311
List the prime factors of 56333.
56333
What are the prime factors of 4295?
5, 859
What are the prime factors of 5040?
2, 3, 5, 7
What are the prime factors of 11725?
5, 7, 67
List the prime factors of 3923.
3923
What are the prime factors of 1354?
2, 677
List the prime factors of 15719.
11, 1429
What are the prime factors of 466?
2, 233
List the prime factors of 68214.
2, 3, 11369
What are the prime factors of 34888?
2, 7, 89
List the prime factors of 23208.
2, 3, 967
List the prime factors of 48710.
2, 5, 4871
List the prime factors of 11113.
11113
What are the prime factors of 7672?
2, 7, 137
List the prime factors of 241.
241
What are the prime factors of 14915?
5, 19, 157
What are the prime factors of 1591?
37, 43
List the prime factors of 153859.
53, 2903
What are the prime factors of 1122?
2, 3, 11, 17
List the prime factors of 1733.
1733
List the prime factors of 271.
271
List the prime factors of 73136.
2, 7, 653
List the prime factors of 14574.
2, 3, 7, 347
List the prime factors of 25252.
2, 59, 107
What are the prime factors of 7807?
37, 211
What are the prime factors of 1577?
19, 83
What are the prime factors of 142727?
13, 10979
What are the prime factors of 135838?
2, 23, 2953
What are the prime factors of 26336?
2, 823
What are the prime factors of 33426?
2, 3, 619
What are the prime factors of 880?
2, 5, 11
What are the prime factors of 4588?
2, 31, 37
What are the prime factors of 79039?
79039
List the prime factors of 612.
2, 3, 17
What are the prime factors of 25383?
3, 8461
List the prime factors of 6598.
2, 3299
What are the prime factors of 796?
2, 199
What are the prime factors of 8023?
71, 113
What are the prime factors of 275?
5, 11
List the prime factors of 1905.
3, 5, 127
List the prime factors of 694.
2, 347
What are the prime factors of 2793?
3, 7, 19
List the prime factors of 62941.
113, 557
List the prime factors of 18696.
2, 3, 19, 41
What are the prime factors of 11892?
2, 3, 991
List the prime factors of 78234.
2, 3, 13, 17, 59
What are the prime factors of 1352?
2, 13
List the prime factors of 971.
971
What are the prime factors of 3320?
2, 5, 83
List the prime factors of 289.
17
What are the prime factors of 3640?
2, 5, 7, 13
What are the prime factors of 1390?
2, 5, 139
What are the prime factors of 632?
2, 79
List the prime factors of 662.
2, 331
List the prime factors of 74420.
2, 5, 61
List the prime factors of 80611.
80611
What are the prime factors of 57?
3, 19
List the prime factors of 1164.
2, 3, 97
What are the prime factors of 609?
3, 7, 29
List the prime factors of 998.
2, 499
What are the prime factors of 735?
3, 5, 7
List the prime factors of 21477.
3, 7159
What are the prime factors of 1207?
17, 71
What are the prime factors of 5598?
2, 3, 311
What are the prime factors of 24074?
2, 12037
What are the prime factors of 2429?
7, 347
What are the prime factors of 13544?
2, 1693
List the prime factors of 6796.
2, 1699
List the prime factors of 1370.
2, 5, 137
What are the prime factors of 1090?
2, 5, 109
What are the prime factors of 948?
2, 3, 79
What are the prime factors of 842?
2, 421
List the prime factors of 10606.
2, 5303
List the prime factors of 419.
419
List the prime factors of 291.
3, 97
List the prime factors of 229.
229
List the prime factors of 60064.
2, 1877
List the prime factors of 28413.
3, 7, 11, 41
List the prime factors of 990.
2, 3, 5, 11
List the prime factors of 601.
601
What are the prime factors of 60942?
2, 3, 7, 1451
List the prime factors of 131.
131
What are the prime factors of 50060?
2, 5, 2503
List the prime factors of 33626.
2, 17, 23, 43
List the prime factors of 1716.
2, 3, 11, 13
List the prime factors of 2767.
2767
List the prime factors of 1075.
5, 43
What are the prime factors of 5694?
2, 3, 13, 73
What are the prime factors of 2866?
2, 1433
What are the prime factors of 283?
283
List the prime factors of 26697.
3, 11, 809
What are the prime factors of 638?
2, 11, 29
List the prime factors of 8308.
2, 31, 67
What are the prime factors of 4478?
2, 2239
What are the prime factors of 13087?
23, 569
List the prime factors of 10933.
13, 29
List the prime factors of 15226.
2, 23, 331
What are the prime factors of 1163?
1163
What are the prime factors of 1720?
2, 5, 43
What are the prime factors of 151342?
2, 31, 2441
What are the prime factors of 2636?
2, 659
List the prime factors of 934.
2, 4